9 + (-9 - -7) + 1 + -2.
6
What is (5 - 1) + 0 + -7 - -2?
-1
What is the value of (-5 - -4) + (7 - (-11 - -28))?
-11
What is 2 - -4 - (1 + (0 - 2))?
7
What is 11 + (5 - (11 + -3))?
8
What is -10 - (2 + (-11 - 0))?
-1
What is the value of (5 - 0) + (1 + -4 - 8)?
-6
What is the value of 1 - (17 + -8 + -8)?
0
(1 - (-2 - (5 - 9))) + 7
6
Evaluate (0 + -8 - -2) + 4.
-2
Evaluate 9 + -10 + -8 + 5.
-4
Calculate -2 - (-73 + 66 - (-1 + -7)).
-3
Evaluate (1 - (-6 + 14)) + 8.
1
Calculate 3 - 10 - (-28 + 13).
8
Evaluate -1 - ((-6 - (3 + -2)) + 3).
3
What is the value of (-7 - -8 - -4) + -11?
-6
-5 + 12 + -4 + -4
-1
9 - 23 - (-2 + -5)
-7
Evaluate -5 + (2 - -4) - (1 - 1).
1
-15 - (8 + -14) - (0 + -4)
-5
What is 5 - ((5 - -5) + -1)?
-4
What is -2 - -1 - (-7 - -9) - 2?
-5
What is -3 - (3 - (3 - (3 - 3)))?
-3
-8 + 1 - (9 - 14)
-2
Calculate (-3 - 1) + 1 + 0 + 7.
4
What is the value of 2 + -1 + (-5 - -3)?
-1
Evaluate 3 - 5 - (-7 - -4).
1
Calculate (-1 - (-4 - -7)) + -9 + 23.
10
Calculate 2 - (-4 + 9) - (1 - 1).
-3
4 + -8 + 4 + -3
-3
Evaluate (-15 - 1 - -16) + 5 + -1.
4
What is the value of 3 + -2 + 1 + (1 - 3)?
0
Evaluate -4 - (-7 - -6) - (-1 + 1).
-3
Calculate 6 + (-10 - 0) - -5.
1
-2 - (-10 - (4 - (-3 - -10)))
5
What is the value of 0 + -3 + (1 - 2) + 1?
-3
0 + -3 + 4 + 3 + -1
3
What is -5 + 5 - (3 - (4 + -2))?
-1
Evaluate (4 + -5 + 2 - -1) + -5.
-3
Calculate 3 + (-10 - -2) + -3.
-8
-3 + 12 + 0 + -4
5
Calculate (-3 - -15) + 3 + -15.
0
Evaluate -23 + (22 + 4 - 11).
-8
Evaluate 11 + -2 + (-99 - -98).
8
What is 11 + (-7 - -1 - -3)?
8
Calculate -8 + (-2 - -3) + 2.
-5
Evaluate (10 + -7 - 0) + -7.
-4
-3 + 5 + 13 + -11
4
What is the value of -3 + -4 + (-4 - (-2 + -4))?
-5
What is (0 - (6 - 1)) + 0 + 9?
4
What is the value of 3 + (0 - 5) + 0 + 0?
-2
Evaluate 7 - 11 - (-3 - (1 + -3)).
-3
Calculate 0 - (-4 - (-9 + 3)).
-2
What is the value of -4 + (7 - (4 + 1 + -3))?
1
7 - (3 - (-6 - -6))
4
-1 + -4 + 3 + -3
-5
Evaluate (-1 - (-5 - (4 + -8))) + 3.
3
Calculate (-13 - (2 + -6)) + 4.
-5
0 - (-6 - (-5 - -7))
8
What is (-3 - (0 - (5 + -2))) + 2?
2
Evaluate -4 + (3 + 3 - (2 + 7)).
-7
9 + -10 - (7 - 3)
-5
Evaluate -2 + 8 + (-8 - -5) + -4.
-1
What is the value of -1 + -9 + (0 - (1 - 6))?
-5
-3 - (-1 - (-1 - 2) - 3)
-2
What is the value of -2 + (5 - (-2 - -2))?
3
What is (3 - 0) + (7 - (5 - -1))?
4
What is (-3 - -3 - -2) + -4 - -6?
4
What is the value of 25 - 30 - (2 - 10)?
3
What is 8 + -8 + 4 + -15 + 6?
-5
What is the value of (-5 - -2) + (8 - 3)?
2
-11 - (-4 - (-3 + 9))
-1
Calculate 2 + (2 - (0 + 1 - -4)).
-1
Evaluate (-1 - 0) + (4 - 6).
-3
Calculate 2 + 0 - -1 - (9 + -2).
-4
What is the value of 1 + (-1 - -3) - 6 - 1?
-4
Calculate (5 - 9) + 7 + 1 + -4.
0
What is the value of 8 - (9 - 8) - 6?
1
What is -4 - (-21 + (-12 - -24))?
5
Calculate 6 - (-5 - -10 - 4).
5
What is the value of 7 + -14 + -6 + 7?
-6
Calculate -1 - 3 - (-12 - -15) - -5.
-2
Evaluate -10 + (6 - 7) + 7.
-4
Calculate 3 + (10 - (-5 - -9)).
9
Calculate -1 - (-5 + 2 + 2 - 5).
5
What is the value of -14 + 9 + 5 + -4?
-4
Calculate (-5 + 7 - (-2 + -2)) + -1.
5
Calculate 4 - (15 + -1) - -12.
2
What is (7 + 1 - 3) + -1?
4
What is the value of 83 + -76 + (2 - (1 + 1))?
7
Evaluate 85 + -84 + (-6 - -2).
-3
Calculate 5 - (-2 + 3 + 1).
3
Calculate -3 + (0 - -1) + 4 - 2.
0
What is (0 - -6) + -9 + 3 + 4?
4
What is the value of 15 - (-4 - -11) - 7?
1
Calculate -1 + -1 - (21 - 19).
-4
Calculate 5 + (-5 - (5 + -5)) + 4.
4
(1 - 9) + -3 - (4 - 9)
-6
What is the value of 2 - (3 + 2 + -3) - -2?
2
What is the value of (5 - (4 - -2)) + 6?
5
-7 - -1 - (7 + -22)
9
What is the value of 5 + (2 + 6 + -27 - -8)?
-6
5 - 7 - (-7 + 0 + 3)
2
Evaluate 19 - 10 - (-9 + 9).
9
Calculate -112 + 108 - (-4 + (1 - -1)).
-2
Evaluate -2 - (4 - -1) - -2.
-5
What is the value of 7 + (17 - 10) - 23?
-9
What is -12 + 16 + (3 - 9) + 2?
0
Calculate -4 + (6 - 0) + -5.
-3
Evaluate (-6 - -7) + 0 + -1.
0
Calculate (-13 - (2 - 18)) + (1 - 1).
3
Evaluate 2 - (1 - ((0 - 2) + 2)).
1
Evaluate -2 + 1 + (-13 - -11) - -2.
-1
What is -5 + -1 + (2 - -1 - 1)?
-4
Calculate 3 - (9 + (-4 - -2)).
-4
Evaluate (4 - 5) + -2 + -2.
-5
6 + (-6 - 4) - 1
-5
Evaluate -4 + (-2 - -4 - 3).
-5
3 + (1 - 3) - -3
4
What is the value of (4 - 2) + -4 - 0?
-2
Evaluate 6 + -12 + (2 - -5).
1
Calculate 0 - 3 - (-3 - 3).
3
5 - 3 - (0 - (7 + -4))
5
What is 146 + -136 - (7 + 0 + -1)?
4
Calculate -72 + 77 + (0 + 0 - -2).
7
Calculate -35 + 30 - (-2 + 3 + 1).
-7
Calculate 5 - (-6 + 1 + 15).
-5
-3 + (12 - 18) + 12
3
(1 - -6 - (6 - 2)) + -2
1
(-1 - 0) + (12 - (6 + 9))
-4
What is -4 + (0 - -4) + -8 + 5?
-3
What is 0 + -4 - 1 - -2?
-3
What is the value of -1 + (1 - 3) + 0 - -4?
1
Calculate (26 - 34) + 6 + -1.
-3
Calculate -2 - (0 - -4 - 3).
-3
Calculate -3 + -5 + 9 - (1 - 6).
6
Calculate 1 + (0 + -4 - -4) + -1.
0
Evaluate -4 + -5 + (12 - (8 - -1)).
-6
-3 - (5 - 1 - 4) - 3
-6
What is the value of 1 + ((-3 - -1) + 6 - 3)?
2
What is the value of (-8 + 11 - -2) + -4?
1
Evaluate 3 + -7 + 4 + -1.
-1
3 + -19 + 5 + 3 - -4
-4
Evaluate (0 - -2) + (-10 - -8 - -5).
5
4 - 3 - (4 + -2 + 3)
-4
1 - (1 - 0 - 1)
1
Evaluate 1 + -1 + -9 + 8.
-1
What is 2 + -3 - (5 + -7)?
1
Evaluate 2 + 0 + -2 + -4.
-4
Calculate -4 - (-6 + 11 + -19 + 3).
7
Evaluate 0 + -1 - (-1 - 1).
1
What is the value of 426 + -431 - (-1 - (0 + 13))?
9
Calculate 2 + 4 + -3 + -8 - -7.
2
What is the value of -1 - -10 - 7 - (1 + -7)?
8
0 - (-8 - 1 - -5 - -5)
-1
Evaluate -4 + 2 - (-3 - -5).
-4
What is (-6 - ((-5 - -3) + -5)) + -2?
-1
Evaluate 2 - -3 - 9 - -8.
4
-1 + (5 - (7 + -4)) + 3
4
What is -6 - (4 + -6 + -5 - -3)?
-2
Evaluate (-2 - 6) + 3 + -2.
-7
What is -33 + 40 - (12 + -2)?
-3
Evaluate -1 - (3 - ((1 - -1) + -3)).
-5
What is 8 - (7 + (4 - 8))?
5
Evaluate -5 - -1 - (1 - (-1 + 2)).
-4
Calculate -1 - (1 + 0 + 4 + -7).
1
What is -23 + (-7 - -19) + 13?
2
Calculate -6 + (12 + -16 - (-3 + 2)).
-9
Calculate 4 + 0 - 2 - 4 - -3.
1
-1 + 5 + -3 + -1 - -5
5
What is -2 - (1 + 7 - (-26 + 34))?
-2
What is the value of 43 + -51 + (2 - 4) + 3?
-7
Evaluate 41 - 38 - (0 - 1) - 7.
-3
What is the value of (3 - -1 - -2) + 76 + -84?
-2
-4 - (-8 + (-2 - -9))
-3
Calculate 6 + -2 + -2 + -9 + 7.
0
Calculate (7 - (5 + -1)) + -3.
0
What is the value of 0 + 1 - (2 + -5)?
4
What is the value of -178 + 174 - (-5 + 0 + 1)?
0
0 + 2 + -4 + -2 + 3
-1
Calculate 8 - (4 + -4 + 12).
-4
What is the value of -6 - 0 - (0 + 7 - 9)?
-4
What is the value of -6 + 7 + -4 + 5 + 0?
2
Calculate (0 - 4) + 9 + (4 - 10).
-1
(16 - 12 - 5) + -4
-5
Evaluate -7 + 0 + (-1 - -3).
-5
6 - ((0 - -2) + (-1 - -8))
-3
Evaluate (-1 - 1) + 9 + -7 + -5.
-5
What is the value of -8 + 1 + 5 + 2?
0
What is (1 - -5) + (29 - 12 - 16)?
7
What is the value of -3 + 0 + -5 + (12 - 7)?
-3
Calculate 7 + -6 + (-2 - -6) + -1.
4
What is 6 + 2 + (-45 - -39)?
2
What is the value of -10 + 9 + (9 - 2)?
6
Calculate 6 + (-10 + 1 + -3 - -7).
1
What is -1 + (10 - (1 - -1))?
7
What is 5 - (-1 + (2 - -3)) - -5?
6
What is (2 - (-1 + 1)) + 1 + -7?
-4
What is (-4 + 4 - 2) + (2 - 1)?
-1
Evaluate 1 + -2 + (9 - (7 + -6)).
7
What is (2 - 4) + 5 + -4?
-1
Evaluate (-1 - -3 - -1) + -7.
-4
What is the value of 3 + (22 + -30 - (-5 - 1))?
1
What is the value of -7 - (-3 + (2 - 2))?
-4
Calculate (-8 - -2) + 3 - (-2 + -2).
1
What is (-1 - 5) + 1 + (5 - 5)?
-5
What is the value of (4 - 5 - 4 - -1) + 2?
-2
What is (33 - 37) + (1 - 0 - -1)?
-2
Evaluate -3 + -2 + 1 + (8 - 9).
-5
0 + -2 - (0 + (2 - -2))
-6
What is the value of -5 - (-1 - (-7 + 7))?
-4
(-5 - 7) + (-8 - -19)
-1
What is -6 + -8 + (32 - 10)?
8
Calculate 6 - (-4 + 4) - (3 - 1).
4
What is 8 + -13 + 4 + (0 - 2)?
-3
Calculate -1 - 3 - (-6 - 3).
5
What is the value of -2 + -6 - (0 - (6 + -3))?
-5
Calculate (3 + -11 - -11) + -8.
-5
What is 5 + -14 + (2 - (2 - 4))?
-5
What is the value of (6 - (12 + -7)) + 5?
6
What is (8 - 3 - -2) + (-42 - -26)?
-9
What is 5 + (1 - (-1 - -7 - 1))?
1
Calculate (4 + -6 - -6) + 1.
5
Calculate 1 - 7 - ((-8 - -12) + -5).
-5
Evaluate -12 - (-12 + -2 + 9).
-7
What is -2 + 5 - (6 + -2 - 2)?
1
(2 - 8) + -24 + 30
0
-3 + -1 + 7 + -1 + 3
5
Calculate -24 - -22 - (-6 - -1).
3
-4 + 2 + 0 + 4 + -1
1
What is the value of (4 - 2 - 2) + 0 - 0?
0
Calculate -16 + 13 + -7 + 14.
4
Evaluate (-10 - -10) + 6 + -2.
4
Evaluate 9 - (9 + -4 + 10).
-6
Calculate 5 - (-6 - -7 - -3) - -6.
7
Evaluate -148 + 140 - ((